{"id":74,"date":"2021-08-09T13:14:59","date_gmt":"2021-08-09T13:14:59","guid":{"rendered":"https:\/\/610-filmfestival.eu\/?page_id=74"},"modified":"2022-01-29T10:03:57","modified_gmt":"2022-01-29T10:03:57","slug":"ueber-uns","status":"publish","type":"page","link":"https:\/\/610-filmfestival.eu\/pl\/ueber-uns\/","title":{"rendered":"O Nas"},"content":{"rendered":"<p><strong>Vacant Filmproduktion<\/strong> powsta\u0142a w 2001 roku. Jej g\u0142\u00f3wnym zadaniem jest wspieranie polsko-niemieckiej wsp\u00f3\u0142pracy w dziedzinie filmu i kultury.<\/p>\n<p><strong>Kornel Miglus<\/strong> studiowa\u0142 filozofi\u0119, lingwistyk\u0119 i psychologi\u0119 w Polsce, USA i Niemczech. Od 1994 roku jest kuratorem filmowym Instytutu Polskiego w Berlinie i inicjatorem festiwalu filmowego filmPOLSKA w Berlinie. Kornel Miglus jest autorem i producentem film\u00f3w dokumentalnych i obyczajowych.<\/p>\n<p><strong>Mokry Nos Psa<\/strong> zajmuje sie\u0328 produkcja\u0328 festiwali i przegl\u0105d\u00f3w filmowych jak r\u00f3wnie\u017c produkcja\u0328 film\u00f3w dokumentalnych i fabularnych. Mokry Nos Psa jest spadkobierca\u0328 firmy produkcyjnej Wytw\u00f3rnia Film\u00f3w Anna Baumgart, kt\u00f3ra produkowa\u0142a filmy Anny Baumgart, kt\u00f3re znajduj\u0105 si\u0119 w kolekcji czo\u0142owych galerii w Polsce.<\/p>\n<p><strong>Grzegorz Pacek<\/strong> &#8211; uko\u0144czy\u0142 wydzia\u0142 re\u017cyserii PWSFTviT w \u0141odzi; re\u017cyser film\u00f3w fabularnych i dokumentalnych, scenarzysta i producent. Jego dokumenty by\u0142y pokazywane na wielu festiwalach, m.in. w Berlinie, Amsterdamie, Nowym Jorku, Kapsztadzie i Melbourne. W 2001 roku film \u201eJestem z\u0142y\u201d otrzyma\u0142 Grand Prix na KFF w Krakowie. Jego Debiut fabularny \u201e\u015aroda czwartek rano\u201d zdoby\u0142 Grand Prix w 2008 roku na Koszali\u0144skim Festiwalu Debiut\u00f3w Filmowych &#8222;M\u0142odzi i Film&#8221;.<\/p>","protected":false},"excerpt":{"rendered":"<p>Vacant Filmproduktion powsta\u0142a w 2001 roku. Jej g\u0142\u00f3wnym zadaniem jest wspieranie polsko-niemieckiej wsp\u00f3\u0142pracy w dziedzinie filmu i kultury. Kornel Miglus studiowa\u0142 filozofi\u0119, lingwistyk\u0119 i psychologi\u0119 w Polsce, USA i Niemczech. Od 1994 roku jest kuratorem filmowym Instytutu Polskiego w Berlinie i inicjatorem festiwalu filmowego filmPOLSKA w Berlinie. Kornel Miglus jest autorem i producentem film\u00f3w dokumentalnych &hellip; <\/p>\n<p class=\"link-more\"><a href=\"https:\/\/610-filmfestival.eu\/pl\/ueber-uns\/\" class=\"more-link\">Czytaj dalej<span class=\"screen-reader-text\"> \u201eO Nas\u201d<\/span><\/a><\/p>\n","protected":false},"author":1,"featured_media":0,"parent":0,"menu_order":0,"comment_status":"closed","ping_status":"closed","template":"","meta":{"footnotes":""},"class_list":["post-74","page","type-page","status-publish","hentry"],"_links":{"self":[{"href":"https:\/\/610-filmfestival.eu\/pl\/wp-json\/wp\/v2\/pages\/74","targetHints":{"allow":["GET"]}}],"collection":[{"href":"https:\/\/610-filmfestival.eu\/pl\/wp-json\/wp\/v2\/pages"}],"about":[{"href":"https:\/\/610-filmfestival.eu\/pl\/wp-json\/wp\/v2\/types\/page"}],"author":[{"embeddable":true,"href":"https:\/\/610-filmfestival.eu\/pl\/wp-json\/wp\/v2\/users\/1"}],"replies":[{"embeddable":true,"href":"https:\/\/610-filmfestival.eu\/pl\/wp-json\/wp\/v2\/comments?post=74"}],"version-history":[{"count":5,"href":"https:\/\/610-filmfestival.eu\/pl\/wp-json\/wp\/v2\/pages\/74\/revisions"}],"predecessor-version":[{"id":249,"href":"https:\/\/610-filmfestival.eu\/pl\/wp-json\/wp\/v2\/pages\/74\/revisions\/249"}],"wp:attachment":[{"href":"https:\/\/610-filmfestival.eu\/pl\/wp-json\/wp\/v2\/media?parent=74"}],"curies":[{"name":"wp","href":"https:\/\/api.w.org\/{rel}","templated":true}]}}

<p><strong>Vacant Filmproduktion</strong> powstała w 2001 roku. Jej głównym zadaniem jest wspieranie polsko-niemieckiej współpracy w dziedzinie filmu i kultury.</p>
<p><strong>Kornel Miglus</strong> studiował filozofię, lingwistykę i psychologię w Polsce, USA i Niemczech. Od 1994 roku jest kuratorem filmowym Instytutu Polskiego w Berlinie i inicjatorem festiwalu filmowego filmPOLSKA w Berlinie. Kornel Miglus jest autorem i producentem filmów dokumentalnych i obyczajowych.</p>
<p><strong>Mokry Nos Psa</strong> zajmuje się produkcją festiwali i przeglądów filmowych jak również produkcją filmów dokumentalnych i fabularnych. Mokry Nos Psa jest spadkobiercą firmy produkcyjnej Wytwórnia Filmów Anna Baumgart, która produkowała filmy Anny Baumgart, które znajdują się w kolekcji czołowych galerii w Polsce.</p>
<p><strong>Grzegorz Pacek</strong> &#8211; ukończył wydział reżyserii PWSFTviT w Łodzi; reżyser filmów fabularnych i dokumentalnych, scenarzysta i producent. Jego dokumenty były pokazywane na wielu festiwalach, m.in. w Berlinie, Amsterdamie, Nowym Jorku, Kapsztadzie i Melbourne. W 2001 roku film „Jestem zły” otrzymał Grand Prix na KFF w Krakowie. Jego Debiut fabularny „Środa czwartek rano” zdobył Grand Prix w 2008 roku na Koszalińskim Festiwalu Debiutów Filmowych &#8222;Młodzi i Film&#8221;.</p>

<p>Vacant Filmproduktion powstała w 2001 roku. Jej głównym zadaniem jest wspieranie polsko-niemieckiej współpracy w dziedzinie filmu i kultury. Kornel Miglus studiował filozofię, lingwistykę i psychologię w Polsce, USA i Niemczech. Od 1994 roku jest kuratorem filmowym Instytutu Polskiego w Berlinie i inicjatorem festiwalu filmowego filmPOLSKA w Berlinie. Kornel Miglus jest autorem i producentem filmów dokumentalnych &hellip; </p>
<p class="link-more"><a href="https://610-filmfestival.eu/pl/ueber-uns/" class="more-link">Czytaj dalej<span class="screen-reader-text"> „O Nas”</span></a></p>
